divide 165856320?
True
Is 2516 a factor of 99844103?
False
Is 45877080 a multiple of 40?
True
Does 11 divide 8912834?
False
Does 2050 divide 14583700?
True
Is 470878925 a multiple of 48?
False
Does 27 divide 5462056125?
True
Is 122 a factor of 25862048?
True
Is 894 a factor of 209408772?
True
Is 22626112 a multiple of 19?
True
Does 12 divide 19421652?
True
Is 4 a factor of 4732020?
True
Is 62254472 a multiple of 56?
True
Is 11981688 a multiple of 1016?
True
Is 22 a factor of 130284418?
True
Is 1521396228 a multiple of 12?
True
Does 60 divide 66787260?
True
Does 88 divide 1349011247?
False
Does 670 divide 438711541?
False
Does 638 divide 684569071?
False
Is 140179440 a multiple of 20?
True
Is 1090867311 a multiple of 86?
False
Is 771975 a multiple of 170?
False
Does 11 divide 54432715?
False
Is 64582986 a multiple of 564?
False
Is 9888888 a multiple of 4?
True
Is 24778620 a multiple of 36?
True
Does 824 divide 2858635362?
False
Is 5133814 a multiple of 138?
False
Does 16 divide 13172428?
False
Is 208816423 a multiple of 109?
True
Is 146711292 a multiple of 294?
True
Is 324594007 a multiple of 459?
False
Does 49 divide 3926980135?
False
Is 28 a factor of 10982720?
True
Does 470 divide 614603020?
True
Does 806 divide 194185533?
False
Is 17 a factor of 640127179?
False
Does 2524 divide 87682330?
False
Does 13 divide 137550309?
True
Is 65814354 a multiple of 291?
False
Is 862518964 a multiple of 975?
False
Does 21 divide 185497746?
True
Is 200804680 a multiple of 20?
True
Is 2 a factor of 7083757?
False
Is 244579137 a multiple of 33?
True
Is 107 a factor of 993769984?
False
Does 21 divide 4307666706?
True
Is 171256224 a multiple of 12?
True
Does 9 divide 417779136?
True
Is 3384835743 a multiple of 2228?
False
Does 121 divide 18132581?
False
Is 289873387 a multiple of 10?
False
Is 3765 a factor of 87055746?
False
Does 5331 divide 1738449762?
True
Is 3 a factor of 3022503?
True
Is 34 a factor of 78187046?
True
Does 45 divide 840991815?
True
Is 5606 a factor of 2044048508?
True
Is 1692 a factor of 1526345200?
False
Does 2073 divide 214254300?
False
Does 48 divide 29581677?
False
Does 938 divide 161635387?
False
Is 24534527 a multiple of 18?
False
Is 46094870 a multiple of 988?
False
Is 2705 a factor of 3796815197?
False
Does 52 divide 37627125?
False
Does 511 divide 40997077?
False
Does 158 divide 3672344?
False
Is 7623794 a multiple of 482?
True
Is 130 a factor of 1277565640?
True
Does 16 divide 8526466?
False
Is 40618044 a multiple of 164?
True
Is 113670338 a multiple of 44?
False
Does 1259 divide 10759414?
True
Is 760404084 a multiple of 102?
True
Does 10 divide 2529686710?
True
Is 25 a factor of 103686550?
True
Is 210951101 a multiple of 968?
False
Does 159 divide 122133672?
False
Is 418622395 a multiple of 132?
False
Is 818 a factor of 142486309?
False
Does 1264 divide 1799178719?
False
Is 86 a factor of 3811947248?
True
Is 4043882458 a multiple of 214?
True
Is 129 a factor of 101806413?
True
Does 173 divide 43326293?
True
Is 424470627 a multiple of 5193?
True
Is 322859360 a multiple of 8?
True
Does 26 divide 37082422?
True
Is 37 a factor of 17770175?
True
Does 105 divide 2524647203?
False
Is 645168 a multiple of 291?
False
Is 1018368175 a multiple of 1045?
True
Does 1347 divide 1061360568?
True
Does 12 divide 203671698?
False
Is 1019 a factor of 463120215?
True
Is 15 a factor of 47224318?
False
Does 19 divide 99633606?
True
Is 7 a factor of 76004201?
True
Is 145 a factor of 43093275?
True
Does 89 divide 1418165621?
False
Is 3923 a factor of 368840460?
True
Is 5382178070 a multiple of 170?
True
Is 11 a factor of 1868418839?
False
Is 13740930 a multiple of 1764?
False
Is 45551041 a multiple of 178?
False
Is 55078070 a multiple of 3?
False
Does 501 divide 760743209?
False
Is 40674660 a multiple of 156?
True
Does 171 divide 124658658?
True
Does 195 divide 159686031?
False
Does 130 divide 364034?
False
Does 18 divide 2199893333?
False
Is 1297591994 a multiple of 9?
False
Does 350 divide 61549250?
True
Is 2123 a factor of 63161373?
True
Is 26 a factor of 1034748734?
False
Does 495 divide 11185987?
False
Does 216 divide 117054288?
True
Is 148758207 a multiple of 39?
True
Does 633 divide 717164946?
True
Is 6 a factor of 6578315?
False
Does 37 divide 3480188697?
False
Is 9 a factor of 13859894?
False
Does 261 divide 55894455?
True
Is 6046990 a multiple of 98?
False
Is 335 a factor of 39460724?
False
Is 1795290112 a multiple of 448?
True
Is 670621583 a multiple of 75?
False
Is 490 a factor of 326827550?
True
Is 152 a factor of 686924936?
True
Does 16 divide 298330375?
False
Is 63 a factor of 53949168?
True
Is 103042313 a multiple of 251?
False
Is 333564294 a multiple of 6531?
True
Is 3 a factor of 52463418?
True
Is 24 a factor of 2505598?
False
Does 626 divide 16281008?
True
Does 21 divide 371924280?
True
Is 94 a factor of 24215847?
False
Is 861 a factor of 15992214?
True
Does 3441 divide 1196690334?
True
Does 13 divide 63173230?
False
Does 2 divide 4575431?
False
Does 1081 divide 61391071?
True
Does 10 divide 16550151?
False
Is 105 a factor of 32343032?
False
Is 1046885401 a multiple of 1820?
False
Is 16 a factor of 3034343520?
True
Is 13782724 a multiple of 82?
True
Is 34 a factor of 31132440?
True
Does 297 divide 521239752?
True
Is 1096 a factor of 19181355?
False
Does 6646 divide 646183934?
True
Is 1206883577 a multiple of 172?
False
Is 125 a factor of 3012258?
False
Is 60070996 a multiple of 98?
False
Is 17 a factor of 10895198?
True
Is 66 a factor of 800957784?
True
Is 5 a factor of 56308837?
False
Is 15 a factor of 655665195?
True
Is 96590 a multiple of 23?
False
Is 4184664 even?
True
Does 135 divide 266536615?
False
Is 562 a factor of 603213146?
True
Is 22 a factor of 303494054?
False
Is 528358928 a multiple of 4?
True
Is 1491739074 a multiple of 8106?
True
Is 9 a factor of 261224965?
False
Does 608 divide 2136661055?
False
Is 1655609118 a multiple of 313?
True
Is 3126941181 a multiple of 16?
False
Is 364105635 a multiple of 139?
True
Is 59 a factor of 11905229?
False
Is 6 a factor of 20770416?
True
Is 64200412 a multiple of 15?
False
Is 245 a factor of 110787285?
True
Does 5 divide 24209075?
True
Is 53 a factor of 2827534259?
True
Does 20 divide 30095420?
True
Is 279 a factor of 430703771?
False
Is 13136968 a multiple of 8?
True
Is 82198874 a multiple of 1070?
False
Is 9771850 a multiple of 175?
False
Is 108962359 a multiple of 7?
False
Does 18 divide 47017240?
False
Is 50 a factor of 9017755?
False
Is 191 a factor of 70218135?
False
Is 643836706 a multiple of 3914?
False
Is 333181218 a multiple of 210?
False
Does 1470 divide 42325710?
True
Is 18 a factor of 198395475?
False
Is 13435896 a multiple of 24?
True
Is 942 a factor of 98223130?
False
Is 405 a factor of 3341389725?
True
Is 13 a factor of 45766058?
True
Does 19 divide 32390839?
True
Is 6 a factor of 122611656?
True
Is 194 a factor of 843312995?
False
Is 580507074 a multiple of 3726?
True
Is 235 a factor of 85705502?
False
Is 20 a factor of 196187242?
False
Does 3573 divide 263637231?
False
Does 13 divide 9562241?
True
Does 388 divide 11839185?
False
Is 3423 a factor of 514565587?
False
Is 834 a factor of 516273522?
True
Is 266565666 a multiple of 235?
False
Is 8 a factor of 61035424?
True
Is 3437824 a multiple of 416?
True
Is 230920801 a multiple of 241?
False
Does 1397 divide 102228998?
False
Does 401 divide 3287526357?
False
Is 15495466 a multiple of 34?
True
Is 241001736 a multiple of 398?
True
Is 120751356 a multiple of 169?
False
Is 70050990 a multiple of 46?
False
Does 1318 divide 103370740?
True
Is 23104392 a multiple of 131?
False
Is 5 a factor of 18905769?
False
Does 5082 divide 117040044?
False
Is 195 a factor of 23036325?
True
Does 770 divide 116481916?
False
Does 8690 divide 725774082?
False
Is 2351 a factor of 100610946?
False
Does 289 divide 148277230?
True
Is 17267213 a multiple of 325?
False
Is 37431952 a multiple of 419?
False
Is 273686740 a multiple of 85?
True
Is 5367929796 a multiple of 12?
True
Is 72038079 a multiple of 279?
True
Does 9 divide 136233378?
True
Does 347 divide 56379190?
False
Does 280 divide 43644720?
True
Is 11782647 a multiple of 23?
True
Is 4154199748 a multiple of 19?
True
Does 5027 divide 2757130229?
False
Is 2996 a factor of 26114213?
False
I